{"id":326,"date":"2017-01-26T17:26:03","date_gmt":"2017-01-26T17:26:03","guid":{"rendered":"http:\/\/emsirvaenliquidacion.com.co\/web\/?page_id=326"},"modified":"2026-04-17T15:36:42","modified_gmt":"2026-04-17T20:36:42","slug":"comunicados","status":"publish","type":"page","link":"https:\/\/emsirvaenliquidacion.com.co\/web\/comunicados\/","title":{"rendered":"COMUNICADOS"},"content":{"rendered":"\n<p class=\"has-text-align-center\"><strong>Bolet\u00edn de Prensa<br>Por medio de la cual se autoriza\u00a0el pago de la desvalorizaci\u00f3n monetaria a los titulares de los cr\u00e9ditos\u00a0reconocidos en el proceso liquidatorio.<br><\/strong>\n<\/p>\n\n\n\n<p><a href=\"https:\/\/emsirvaenliquidacion.com.co\/web\/wp-content\/uploads\/2026\/04\/BOLETIN-DE-PRENSA-DESVALORIZACION.pdf\" target=\"_blank\" rel=\"noreferrer noopener\">Ver Bolet\u00edn<\/a><\/p>\n\n\n\n<hr class=\"wp-block-separator has-alpha-channel-opacity\"\/>\n\n\n\n<p class=\"has-text-align-center\"><strong>Resoluci\u00f3n No 100-27-033 de abril 10 de 2026<br>Por medio de la cual se autoriza\u00a0el pago de la desvalorizaci\u00f3n monetaria a los titulares de los cr\u00e9ditos\u00a0reconocidos en el proceso liquidatorio.<br><\/strong>\n<\/p>\n\n\n<p><a href=\"https:\/\/emsirvaenliquidacion.com.co\/web\/wp-content\/uploads\/2026\/04\/RESOLUCION-No-100-27-033-DE-ABRIL-10-DE-2026-AUTORIZA-PAGO-DESVALORIZACION.pdf\" target=\"_blank\" rel=\"noreferrer noopener\">Ver Resoluci\u00f3n<\/a><\/p>\n<p><a href=\"https:\/\/emsirvaenliquidacion.com.co\/web\/wp-content\/uploads\/2026\/04\/AVISO-abril-13-de-2026.pdf\" target=\"_blank\" rel=\"noreferrer noopener\">Ver Aviso<\/a><\/p>\n\n\n\n<hr class=\"wp-block-separator has-alpha-channel-opacity\"\/>\n\n\n\n\n<p class=\"has-text-align-center\"><strong>CONTRATO DE CONDICIONES UNIFORMES PARA LA PRESTACI\u00d3N DEL <br> SERVICIO P\u00daBLICO DOMICILIARIO DE ASEO<br><\/strong>\n<\/p>\n\n\n<p><a href=\"https:\/\/emsirvaenliquidacion.com.co\/web\/wp-content\/uploads\/2026\/04\/CCU-EMSIRVA-ESP.pdf\" target=\"_blank\" rel=\"noreferrer noopener\">Ver Contrato<\/a><\/p>\n\n\n\n<hr class=\"wp-block-separator has-alpha-channel-opacity\"\/>\n\n\n\n\n<p class=\"has-text-align-center\"><strong>AVISO EN PRENSA &#8211; DIARIO DE OCCIDENTE<br><\/strong>\nDando cumplimiento  al art\u00edculo Cuarto de la Resoluci\u00f3n No 100-27-020 de marzo 9 de 2026, se public\u00f3 AVISO en el Diario Occidente informando a todos los interesados la expedici\u00f3n de la Resoluci\u00f3n No 100-27-020, de marzo 9 de 2026, \u00abPor medio de la cual se ordena el reconocimiento y pago de la desvalorizaci\u00f3n monetaria, se fija un t\u00e9rmino para la recepci\u00f3n de los pagos a los titulares de los cr\u00e9ditos reconocidos atendidos por el proceso liquidatorio de la Empresa de Servicio P\u00fablico de Aseo de Cali\u201d<br><br>\nHoy 11 de marzo de 2026 se publica en el peri\u00f3dico digital y los d\u00edas 14 y 15 de marzo de 2026 se publica en el impreso.\n<\/p>\n\n\n<p><a href=\"https:\/\/emsirvaenliquidacion.com.co\/web\/wp-content\/uploads\/2026\/03\/AVISO-EN-PERIODICO-DIARIO-OCCIDENTE.pdf\" target=\"_blank\" rel=\"noreferrer noopener\">Ver Aviso<\/a><\/p>\n\n\n\n<hr class=\"wp-block-separator has-alpha-channel-opacity\"\/>\n\n\n\n<p class=\"has-text-align-center\"><strong>RESOLUCION 100-27-020 de marzo 9 de 2026<br><\/strong>\nPOR MEDIO DE LA CUAL SE ORDENA EL RECONOCIMIENTO Y PAGO DE LA DESVALORIZACI\u00d3N MONETARIA, SE FIJA UN T\u00c9RMINO PARA LA RECEPCI\u00d3N DE LOS PAGOS A LOS TITULARES DE LOS CR\u00c9DITOS RECONOCIDOS ATENDIDOS POR EL PROCESO LIQUIDATORIO<\/p>\n\n\n<p><a href=\"https:\/\/emsirvaenliquidacion.com.co\/web\/wp-content\/uploads\/2026\/03\/RESOLUCION-100-27-020-de-marzo-9-de-2026.pdf\" target=\"_blank\" rel=\"noreferrer noopener\">Ver Resoluci\u00f3n<\/a><\/p>\n<p><a href=\"https:\/\/emsirvaenliquidacion.com.co\/web\/wp-content\/uploads\/2026\/03\/anexos.pdf\" target=\"_blank\" rel=\"noreferrer noopener\">Ver Anexos<\/a><\/p>\n\n\n\n<hr class=\"wp-block-separator has-alpha-channel-opacity\"\/>\n\n\n\n<p class=\"has-text-align-center\"><strong>COMUNICADO DE PRENSA<br><\/strong>\nLibre competencia, esquema para la prestaci\u00f3n del servicio de aseo en Cali<\/p>\n\n\n<p><a href=\"https:\/\/emsirvaenliquidacion.com.co\/web\/wp-content\/uploads\/2026\/01\/Comunicado-de-prensa-04-Libre-competencia-esquema-de-la-prestacion-S-A-en-Cali.pdf\" target=\"_blank\" rel=\"noreferrer noopener\">Ver Comunicado<\/a><\/p>\n\n\n\n<hr class=\"wp-block-separator has-alpha-channel-opacity\"\/>\n\n\n\n<p class=\"has-text-align-center\"><strong>RESOLUCI\u00d3N No. SSPD &#8211; 20251000744515 DEL 26\/12\/2025<br><\/strong>\nPor la cual se prorroga el plazo para la liquidaci\u00f3n de la Empresa de Servicio P\u00fablico de Aseo de Cali &#8211; EMSIRVA ESP en Liquidaci\u00f3n<\/p>\n\n\n<p><a href=\"https:\/\/emsirvaenliquidacion.com.co\/web\/wp-content\/uploads\/2026\/01\/Res-SSPD-20251000744515-Prorroga-Liquidacion.pdf\" target=\"_blank\" rel=\"noreferrer noopener\">Ver Resoluci\u00f3n<\/a><\/p>\n\n\n\n<hr class=\"wp-block-separator has-alpha-channel-opacity\"\/>\n\n\n\n<p class=\"has-text-align-center\"><strong>COMUNICADO DE PRENSA<br><\/strong>\nEMSIRVA ESP en Liquidaci\u00f3n aclara informaci\u00f3n sobre su estructura laboral y vinculaci\u00f3n de personal.\n<\/p>\n\n\n\n<p><a href=\"https:\/\/emsirvaenliquidacion.com.co\/web\/wp-content\/uploads\/2025\/12\/Comunicado-de-Prensa-diciembre-26.pdf\" target=\"_blank\" rel=\"noreferrer noopener\">Ver Comunicado<\/a><\/p>\n\n\n\n<hr class=\"wp-block-separator has-alpha-channel-opacity\"\/>\n\n\n\n\n<p class=\"has-text-align-center\"><strong>COMUNICADO A LA OPINION PUBLICA<br><\/strong>\nSituaci\u00f3n en la Estaci\u00f3n de Transferencia \n<\/p>\n\n\n\n<p><a href=\"https:\/\/emsirvaenliquidacion.com.co\/web\/wp-content\/uploads\/2025\/12\/Comunicado-opinion-publica-Dic-3.pdf\" target=\"_blank\" rel=\"noreferrer noopener\">Ver Comunicado<\/a><\/p>\n\n\n\n<hr class=\"wp-block-separator has-alpha-channel-opacity\"\/>\n\n\n\n\n<p class=\"has-text-align-center\"><strong> Resoluci\u00f3n SSPD &#8211; 20251000459685 del 19\/09\/2025<br><\/strong> Por la cual se remueve y se designa un liquidador para la Empresa de Servicio P\u00fablico de Aseo de Cali &#8211; EMSIRVA ESP en Liquidaci\u00f3n.\n\n<\/p>\n\n\n\n<p><a href=\"https:\/\/emsirvaenliquidacion.com.co\/web\/wp-content\/uploads\/2025\/10\/Resolucion-SSPD-20251000459685.pdf\" target=\"_blank\" rel=\"noreferrer noopener\">Ver Resoluci\u00f3n<\/a><\/p>\n\n\n<hr class=\"wp-block-separator has-alpha-channel-opacity\"\/>\n\n\n\n\n<p class=\"has-text-align-center\"><strong> LA EMPRESA DE SERVICIO P\u00daBLICO DE ASEO DE CALI &#8211; EMSIRVA ESP EN LIQUIDACI\u00d2N <br><\/strong> Informa a todos los interesados, que ante el Tribunal Contencioso Administrativo del Valle del Cauca, se present\u00f3 ACCI\u00d3N POPULAR por parte del se\u00f1or JUAN JAVIER BAENA MERLANO en contra de la SUPERINTENDENCIA DE SERVICIOS P\u00daBLICOS DOMICILIARIOS, a la cual se vincula a EMSIRVA ESP EN LIQUIDACI\u00d3N y al Distrito de Santiago de Cali, en calidad de litisconsortes necesarios.\nSe publica en esta p\u00e1gina de acuerdo a lo ordenado en el auto interlocutorio No 558 de septiembre 3 de 2025.\n\n<\/p>\n\n\n\n<p><a href=\"https:\/\/emsirvaenliquidacion.com.co\/web\/wp-content\/uploads\/2025\/09\/76001233300020250040800_63.pdf\" target=\"_blank\" rel=\"noreferrer noopener\">Ver Aviso<\/a><\/p>\n\n\n\n<p><a href=\"https:\/\/samai.consejodeestado.gov.co\/Vistas\/Casos\/list_procesos.aspx?guid=760012333000202500408007600123\" target=\"_blank\" rel=\"noreferrer noopener\">Ver expediente Samai <\/a><\/p>\n\n\n\n<p><a href=\"https:\/\/etbcsj-my.sharepoint.com\/:f:\/g\/personal\/rpmemorialestadmvcauca_cendoj_ramajudicial_gov_co\/EgkxpGtrb6hEl0vfw478Mm8BKVTAQIj-s7SSLTR8D5BrCw?e=0KIS5k\" target=\"_blank\" rel=\"noreferrer noopener\">Ver escrito de la demanda<\/a><\/p>\n\n\n\n<hr class=\"wp-block-separator has-alpha-channel-opacity\"\/>\n\n\n\n<p class=\"has-text-align-center\"><strong>RESOLUCI\u00d3N No. SSPD -20251000386905 DEL 11\/08\/2025<br><\/strong> Por la cual se remueve y se designa un liquidador para la Empresa de Servicio P\u00fablico de Aseo de Cali &#8211; EMSIRVA ESP en Liquidaci\u00f3n<\/p>\n\n\n<p><a href=\"https:\/\/emsirvaenliquidacion.com.co\/web\/wp-content\/uploads\/2025\/08\/20250811Resolucion20251000386905DesignacionAgenteEspecialAngelaPatriciaRojas.pdf\" target=\"_blank\" rel=\"noreferrer noopener\">Ver Resoluci\u00f3n<\/a><\/p>\n\n\n\n<hr class=\"wp-block-separator has-alpha-channel-opacity\"\/>\n\n\n\n\n<p class=\"has-text-align-center\"><strong>RESOLUCI\u00d3N No. SSPD -20251000376675 DEL 04\/08\/2025<br><\/strong>\nPor la cual se prorroga el plazo para la liquidaci\u00f3n de la Empresa de Servicio P\u00fablico de Aseo de Cali &#8211; EMSIRVA ESP en Liquidaci\u00f3n<\/p>\n\n\n<p><a href=\"https:\/\/emsirvaenliquidacion.com.co\/web\/wp-content\/uploads\/2025\/08\/RESOLUCION-No.-SSPD-20251000376675.pdf\" target=\"_blank\" rel=\"noreferrer noopener\">Ver Resoluci\u00f3n<\/a><\/p>\n\n\n\n<hr class=\"wp-block-separator has-alpha-channel-opacity\"\/>\n\n\n\n<p class=\"has-text-align-center\"><strong>RESOLUCI\u00d3N No. 100-27-044<br><\/strong>Por medio de la cual se determina, califica y grad\u00faan cr\u00e9ditos a cargo del Pasivo Cierto No Reclamado de la Empresa de Servicio P\u00fablico de Aseo de Cali &#8211; EMSIRVA ESP en Liquidaci\u00f3n y se ordenan pagos.<\/p>\n\n\n<p><a href=\"https:\/\/emsirvaenliquidacion.com.co\/web\/wp-content\/uploads\/2025\/07\/RESOLUCION-No.100-27-044-PACINORE-Y-ANEXO.pdf\" target=\"_blank\" rel=\"noreferrer noopener\">Ver Resoluci\u00f3n<\/a><\/p>\n\n\n<p><a href=\"https:\/\/emsirvaenliquidacion.com.co\/web\/wp-content\/uploads\/2025\/07\/AVISO-PACINOREdocx.pdf\" target=\"_blank\" rel=\"noreferrer noopener\">Aviso de Resoluci\u00f3n<\/a><\/p>\n\n\n\n<hr class=\"wp-block-separator has-alpha-channel-opacity\"\/>\n\n\n\n<p class=\"has-text-align-center\"><strong>AVISO DE RENDICI\u00d3N DE CUENTAS<br><\/strong>El Liquidador de la Empresa de Servicio P\u00fablico de Aseo de Cali &#8211; EMSIRVA ESP en Liquidaci\u00f3n NIT 890.399.030-3, se permite informar a los acreedores y al p\u00fablico en general, que de conformidad con el numeral 1\u00b0 del Art\u00edculo 297 del Estatuto Org\u00e1nico del Sistema Financiero, se procede a correr traslado del informe de Rendici\u00f3n de Cuentas presentado por la Liquidadora saliente la se\u00f1ora Adriana Betancourt Ortiz del periodo comprendido entre el 09 de mayo de 2023 hasta el 14 de enero de 2025 , para que los interesados presenten o formulen objeciones si a bien lo tienen, dentro del t\u00e9rmino de dos (2) meses.<\/p>\n\n\n<p><a href=\"https:\/\/emsirvaenliquidacion.com.co\/web\/wp-content\/uploads\/2025\/04\/Inf-Gestion.zip\" target=\"_blank\" rel=\"noreferrer noopener\">Ver Documentos<\/a><\/p>\n\n\n\n<hr class=\"wp-block-separator has-alpha-channel-opacity\"\/>\n\n\n\n<p class=\"has-text-align-center\"><strong>RESOLUCI\u00d3N No. 100-27-022 <br><\/strong>Por medio de la cual se ordena la constituci\u00f3n de una provisi\u00f3n en favor de los acreedores a cargo de la masa, que no se presentaron a recibir los pagos\nordenados por el Agente Liquidador.\n<\/p>\n\n\n<p><a href=\"https:\/\/emsirvaenliquidacion.com.co\/web\/wp-content\/uploads\/2025\/03\/RESOLUCION_100_27_022_Y_ANEXO_1.pdf\" target=\"_blank\" rel=\"noreferrer noopener\">Ver Resoluci\u00f3n<\/a><\/p>\n\n\n<hr class=\"wp-block-separator has-alpha-channel-opacity\"\/>\n\n<p class=\"has-text-align-center\"><strong>RESOLUCI\u00d3N No. 100-27-017 <br><\/strong>\nPor medio de la cual el agente liquidador ordena el pago total de las obligaciones reconocidas a los acreedores a cargo de la masa de la liquidaci\u00f3n\n<\/p>\n\n\n<p><a href=\"https:\/\/emsirvaenliquidacion.com.co\/web\/wp-content\/uploads\/2025\/03\/Resolucion-100-27-017-Anexo-.pdf\" target=\"_blank\" rel=\"noreferrer noopener\">Ver Resoluci\u00f3n<\/a><\/p>\n\n\n<hr class=\"wp-block-separator has-alpha-channel-opacity\"\/>\n\n\n<p class=\"has-text-align-center\"><strong>RESOLUCI\u00d3N No. SSPD \u2013 20251000009675 DEL 14\/01\/2025<br><\/strong>\nPor la cual se designa un Liquidador para la Empresa de Servicio P\u00fablico de Aseo de Cali &#8211; EMSIRVA ESP en Liquidaci\u00f3n\n<\/p>\n\n\n<p><a href=\"https:\/\/emsirvaenliquidacion.com.co\/web\/wp-content\/uploads\/2025\/01\/Resolucion_FOTO.pdf\" target=\"_blank\" rel=\"noreferrer noopener\">Ver Resoluci\u00f3n<\/a><\/p>\n\n\n<hr class=\"wp-block-separator has-alpha-channel-opacity\"\/>\n\n\n\n<p class=\"has-text-align-center\"><strong>CIRCULAR<br><\/strong>\nFeliz A\u00f1o 2025 EMSIRVA ESP\n<\/p>\n\n\n\n<p><a href=\"https:\/\/emsirvaenliquidacion.com.co\/web\/wp-content\/uploads\/2024\/12\/Boletin-Diciembre-27.pdf\" target=\"_blank\" rel=\"noreferrer noopener\">Ver Comunicado<\/a><\/p>\n\n\n\n<hr class=\"wp-block-separator has-alpha-channel-opacity\"\/>\n\n\n\n<p class=\"has-text-align-center\"><strong>CIRCULAR<br><\/strong>\nCronograma Cierre Fiscal 2024 EMSIRVA ESP\n<\/p>\n\n\n\n<p><a href=\"https:\/\/emsirvaenliquidacion.com.co\/web\/wp-content\/uploads\/2024\/12\/CIRCULAR-CRONOGRAMA-CIERRE-FISCAL-2024.pdf\" target=\"_blank\" rel=\"noreferrer noopener\">Ver Comunicado<\/a><\/p>\n\n\n\n<hr class=\"wp-block-separator has-alpha-channel-opacity\"\/>\n\n\n\n<p class=\"has-text-align-center\"><strong>COMUNICADO DE PRENSA <br><\/strong>\nEl esp\u00edritu Navide\u00f1o se toma a EMSIRVA ESP\n<\/p>\n\n\n\n<p><a href=\"https:\/\/emsirvaenliquidacion.com.co\/web\/wp-content\/uploads\/2024\/12\/Boletin-Diciembre.pdf\" target=\"_blank\" rel=\"noreferrer noopener\">Ver Comunicado<\/a><\/p>\n\n\n\n<hr class=\"wp-block-separator has-alpha-channel-opacity\"\/>\n\n\n\n\n<p class=\"has-text-align-center\"><strong>COMUNICADO DE PRENSA <br><\/strong>\nPromo Cali|Valle y EMSIRVA unidos en proyecto de econom\u00eda circular\n<\/p>\n\n\n\n<p><a href=\"https:\/\/emsirvaenliquidacion.com.co\/web\/wp-content\/uploads\/2024\/12\/Boletin-Diciembre-13-sendero.pdf\" target=\"_blank\" rel=\"noreferrer noopener\">Ver Comunicado<\/a><\/p>\n\n\n\n<hr class=\"wp-block-separator has-alpha-channel-opacity\"\/>\n\n\n\n\n<p class=\"has-text-align-center\"><strong>COMUNICADO DE PRENSA <br><\/strong>\nVeolia entrega nuevos veh\u00edculos para optimizar el servicio de aseo en Santiago de Cali.\n<\/p>\n\n\n\n<p><a href=\"https:\/\/emsirvaenliquidacion.com.co\/web\/wp-content\/uploads\/2024\/11\/Boletin-noviembre.pdf\" target=\"_blank\" rel=\"noreferrer noopener\">Ver Comunicado<\/a><\/p>\n\n\n\n<hr class=\"wp-block-separator has-alpha-channel-opacity\"\/>\n\n\n\n<p class=\"has-text-align-center\"><strong>COMUNICADO DE PRENSA <br><\/strong>\nBrillante participaci\u00f3n de EMSIRVA ESP en Liquidaci\u00f3n el marco de la COP 16\n<\/p>\n\n\n\n<p><a href=\"https:\/\/emsirvaenliquidacion.com.co\/web\/wp-content\/uploads\/2024\/10\/Boletin-Octubre-COP16.pdf\" target=\"_blank\" rel=\"noreferrer noopener\">Ver Comunicado<\/a><\/p>\n\n\n\n<hr class=\"wp-block-separator has-alpha-channel-opacity\"\/>\n\n\n\n<p class=\"has-text-align-center\"><strong>COMUNICADO DE PRENSA <br><\/strong>\nEMSIRVA ESP en Liquidaci\u00f3n<br>Particip\u00f3 activamente en evento de Promovalle &#8211; Promocali y la Universidad del Valle\n<br>En el marco de la COP 16\n<\/p>\n\n\n\n<p><a href=\"https:\/\/emsirvaenliquidacion.com.co\/web\/wp-content\/uploads\/2024\/10\/Boletin-Octubre.pdf\" target=\"_blank\" rel=\"noreferrer noopener\">Ver Comunicado<\/a><\/p>\n\n\n\n<hr class=\"wp-block-separator has-alpha-channel-opacity\"\/>\n\n\n\n<p class=\"has-text-align-center\"><strong>COMUNICADO DE PRENSA <br><\/strong>\nEMSIRVA ESP en Liquidaci\u00f3n<br>Caminata ecol\u00f3gica en vertedero Navarro: un paso hacia la sostenibilidad<\/p>\n\n\n\n<p><a href=\"https:\/\/emsirvaenliquidacion.com.co\/web\/wp-content\/uploads\/2024\/10\/Boletin-Caminata.pdf\" target=\"_blank\" rel=\"noreferrer noopener\">Ver Comunicado<\/a><\/p>\n\n\n\n<hr class=\"wp-block-separator has-alpha-channel-opacity\"\/>\n\n\n\n<p class=\"has-text-align-center\"><strong>COMUNICADO DE PRENSA <br><\/strong>\nEMSIRVA ESP en Liquidaci\u00f3n, Visita al Vertedero Navarro<\/p>\n\n\n\n<p><a href=\"https:\/\/emsirvaenliquidacion.com.co\/web\/wp-content\/uploads\/2024\/10\/Boletin-Visita-Navarro-Oct-9-2024.pdf\" target=\"_blank\" rel=\"noreferrer noopener\">Ver Comunicado<\/a><\/p>\n\n\n\n<hr class=\"wp-block-separator has-alpha-channel-opacity\"\/>\n\n\n\n<p class=\"has-text-align-center\"><strong>COMUNICADO DE PRENSA <br><\/strong>\nEMSIRVA ESP en Liquidaci\u00f3n, 1er Foro Internacional de Servicios P\u00fablicos<\/p>\n\n\n\n<p><a href=\"https:\/\/emsirvaenliquidacion.com.co\/web\/wp-content\/uploads\/2024\/09\/BOLETIN-DE-PRENSA-PRIMER-FORO-SERVICIOS-PUBLICOS.pdf\" target=\"_blank\" rel=\"noreferrer noopener\">Ver Comunicado<\/a><\/p>\n\n\n\n<hr class=\"wp-block-separator has-alpha-channel-opacity\"\/>\n\n\n\n<p class=\"has-text-align-center\"><strong>COMUNICADO DE PRENSA <\/strong><br>FIRMA HIST\u00d3RICA:<br>\nEMSIRVA ESP en Liquidaci\u00f3n transfiere recursos al<br>\nDistrito de Santiago de Cali para pago de pasivo pensional<\/p>\n\n\n\n<p><a href=\"https:\/\/emsirvaenliquidacion.com.co\/web\/wp-content\/uploads\/2024\/09\/Boletin-Septiembre-16_.pdf\" target=\"_blank\" rel=\"noreferrer noopener\">Ver Comunicado<\/a><\/p>\n\n\n\n<hr class=\"wp-block-separator has-alpha-channel-opacity\"\/>\n\n\n\n<p class=\"has-text-align-center\"><strong>COMUNICADO DE PRENSA <\/strong><br>EMSIRVA ESP en Liquidaci\u00f3n, afectaci\u00f3n en la prestaci\u00f3n del servicio de aseo.<\/p>\n\n\n\n<p><a href=\"https:\/\/emsirvaenliquidacion.com.co\/web\/wp-content\/uploads\/2024\/09\/comunicadoDePrensa-sep-04-2024.pdf\" target=\"_blank\" rel=\"noreferrer noopener\">Ver Comunicado<\/a><\/p>\n\n\n\n<hr class=\"wp-block-separator has-alpha-channel-opacity\"\/>\n\n\n\n<p class=\"has-text-align-center\"><strong>COMUNICADO DE PRENSA <\/strong><br>EMSIRVA ESP en Liquidaci\u00f3n participar\u00e1 en la COP 16<\/p>\n\n\n\n<p><a href=\"https:\/\/forms.gle\/UXkBA8H2UrkFCGi8A\" target=\"_blank\" rel=\"noreferrer noopener\">Formulario Inscripci\u00f3n Conferencia \u00abHacia un servicio de aseo circular y de transformaci\u00f3n\u00bb<\/a><\/p>\n\n\n\n<p><a href=\"https:\/\/emsirvaenliquidacion.com.co\/web\/wp-content\/uploads\/2024\/08\/Boletin-agosto-28.pdf\" target=\"_blank\" rel=\"noreferrer noopener\">Ver Comunicado<\/a><\/p>\n\n\n\n<hr class=\"wp-block-separator has-alpha-channel-opacity\"\/>\n\n\n\n<p class=\"has-text-align-center\"><strong>COMUNICADO DE PRENSA <\/strong><br>Cumplea\u00f1os 488 de Santiago de Cali &#8211; Julio 25 de 2024<\/p>\n\n\n\n<p><a href=\"https:\/\/emsirvaenliquidacion.com.co\/web\/wp-content\/uploads\/2024\/07\/Boletin-Julio-25.pdf\" target=\"_blank\" rel=\"noreferrer noopener\">Ver Comunicado<\/a><\/p>\n\n\n\n<hr class=\"wp-block-separator has-alpha-channel-opacity\"\/>\n\n\n\n<p class=\"has-text-align-center\"><strong>COMUNICADO DE PRENSA<\/strong><br>Comprometidos con una Cali bella en la COP 16<\/p>\n\n\n\n<p><a href=\"https:\/\/emsirvaenliquidacion.com.co\/web\/wp-content\/uploads\/2024\/07\/Boletin-Julio-9.pdf\" target=\"_blank\" rel=\"noreferrer noopener\">Ver Comunicado<\/a><\/p>\n\n\n\n<hr class=\"wp-block-separator has-alpha-channel-opacity\"\/>\n\n\n\n<p class=\"has-text-align-center\"><strong>COMUNICADO DE PRENSA <\/strong><br>EMSIRVA ESP en Liquidaci\u00f3n presente en ANDESCO 2024<\/p>\n\n\n\n<p><a href=\"https:\/\/emsirvaenliquidacion.com.co\/web\/wp-content\/uploads\/2024\/07\/Boletin-Informativo-EMSIRVA-ANDESCO-JULIO-2024.pdf\" target=\"_blank\" rel=\"noreferrer noopener\">Ver Comunicado<\/a><\/p>\n\n\n\n<hr class=\"wp-block-separator has-alpha-channel-opacity\"\/>\n\n\n\n<p class=\"has-text-align-center\"><strong>COMUNICADO DE PRENSA <\/strong><br>EMSIRVA ESP en Liquidaci\u00f3n en la COP 16 y los espacios de participaci\u00f3n ciudadana en el evento.<\/p>\n\n\n\n<p><a href=\"https:\/\/emsirvaenliquidacion.com.co\/web\/wp-content\/uploads\/2024\/06\/Boletin-Informativo-EMSIRVA-JUNIO-2024.pdf\" target=\"_blank\" rel=\"noreferrer noopener\">Ver Comunicado<\/a><\/p>\n\n\n\n<hr class=\"wp-block-separator has-alpha-channel-opacity\"\/>\n\n\n\n<p class=\"has-text-align-center\"><strong>COMUNICADO DE PRENSA <\/strong><br>EMSIRVA ESP en Liquidaci\u00f3n: Con la presencia del Superintendente de Servicios P\u00fablicos Domiciliarios se instalan mesas de trabajo con el Distrito de Santiago de Cali.<\/p>\n\n\n\n<p><a href=\"https:\/\/emsirvaenliquidacion.com.co\/web\/wp-content\/uploads\/2024\/06\/BOLETIN-MESAS-DE-TRABAJO-EMSIRVA-Y-ALCALDIA-CALI-JUNIO-2024.pdf\" target=\"_blank\" rel=\"noreferrer noopener\">Ver Comunicado<\/a><\/p>\n\n\n\n<hr class=\"wp-block-separator has-alpha-channel-opacity\"\/>\n\n\n\n<p class=\"has-text-align-center\"><strong>COMUNICADO DE PRENSA <\/strong><br>EMSIRVA ESP en Liquidaci\u00f3n atiende zona afectada por fuertes lluvias en el norte de Santiago de Cali.<\/p>\n\n\n\n<p><a href=\"https:\/\/emsirvaenliquidacion.com.co\/web\/wp-content\/uploads\/2024\/05\/BOLETIN-DE-PRENSA-EMSIRVA-MAYO-2024-LLUVIA.pdf\" target=\"_blank\" rel=\"noreferrer noopener\">Ver Comunicado<\/a><\/p>\n\n\n\n<hr class=\"wp-block-separator has-alpha-channel-opacity\"\/>\n\n\n\n<p class=\"has-text-align-center\"><strong>COMUNICADO DE PRENSA <\/strong><br> Nueva flota de veh\u00edculos\nrecolectores por parte del operador Promo Cali-Valle.<\/p>\n\n\n\n<p><a href=\"https:\/\/emsirvaenliquidacion.com.co\/web\/wp-content\/uploads\/2024\/04\/BOLETIN-DE-PRENSA-EMSIRVA-ABRIL-2024-PROMO-CALI-VALLE.pdf\" target=\"_blank\" rel=\"noreferrer noopener\">Ver Comunicado<\/a><\/p>\n","protected":false},"excerpt":{"rendered":"<p>Bolet\u00edn de PrensaPor medio de la cual se autoriza\u00a0el pago de la desvalorizaci\u00f3n monetaria a los titulares de los cr\u00e9ditos\u00a0reconocidos en el proceso liquidatorio. Ver Bolet\u00edn Resoluci\u00f3n No 100-27-033 de abril 10 de 2026Por medio de la cual se autoriza\u00a0el pago de la desvalorizaci\u00f3n monetaria a los titulares de los cr\u00e9ditos\u00a0reconocidos en el proceso liquidatorio.<a class=\"moretag\" href=\"https:\/\/emsirvaenliquidacion.com.co\/web\/comunicados\/\"><span class=\"screen-reader-text\">Leer m\u00e1s sobre COMUNICADOS<\/span>[&#8230;]<\/a><\/p>\n","protected":false},"author":1,"featured_media":0,"parent":0,"menu_order":0,"comment_status":"closed","ping_status":"closed","template":"","meta":{"footnotes":""},"class_list":["post-326","page","type-page","status-publish","hentry"],"_links":{"self":[{"href":"https:\/\/emsirvaenliquidacion.com.co\/web\/wp-json\/wp\/v2\/pages\/326","targetHints":{"allow":["GET"]}}],"collection":[{"href":"https:\/\/emsirvaenliquidacion.com.co\/web\/wp-json\/wp\/v2\/pages"}],"about":[{"href":"https:\/\/emsirvaenliquidacion.com.co\/web\/wp-json\/wp\/v2\/types\/page"}],"author":[{"embeddable":true,"href":"https:\/\/emsirvaenliquidacion.com.co\/web\/wp-json\/wp\/v2\/users\/1"}],"replies":[{"embeddable":true,"href":"https:\/\/emsirvaenliquidacion.com.co\/web\/wp-json\/wp\/v2\/comments?post=326"}],"version-history":[{"count":241,"href":"https:\/\/emsirvaenliquidacion.com.co\/web\/wp-json\/wp\/v2\/pages\/326\/revisions"}],"predecessor-version":[{"id":4483,"href":"https:\/\/emsirvaenliquidacion.com.co\/web\/wp-json\/wp\/v2\/pages\/326\/revisions\/4483"}],"wp:attachment":[{"href":"https:\/\/emsirvaenliquidacion.com.co\/web\/wp-json\/wp\/v2\/media?parent=326"}],"curies":[{"name":"wp","href":"https:\/\/api.w.org\/{rel}","templated":true}]}}